s digit of 274176?
4
What is the thousands digit of 611278?
1
What is the units digit of 3127955?
5
What is the hundreds digit of 323278?
2
What is the units digit of 412979?
9
What is the ten millions digit of 10590957?
1
What is the hundred thousands digit of 140117?
1
What is the units digit of 2840581?
1
What is the tens digit of 3349381?
8
What is the hundreds digit of 8329516?
5
What is the hundred thousands digit of 1515676?
5
What is the units digit of 1791394?
4
What is the units digit of 1166808?
8
What is the tens digit of 237206?
0
What is the thousands digit of 797753?
7
What is the thousands digit of 2596089?
6
What is the ten thousands digit of 178395?
7
What is the ten thousands digit of 11050802?
5
What is the tens digit of 112566?
6
What is the tens digit of 653937?
3
What is the thousands digit of 255091?
5
What is the units digit of 28732670?
0
What is the hundreds digit of 784277?
2
What is the tens digit of 1888260?
6
What is the thousands digit of 16240234?
0
What is the ten millions digit of 17273560?
1
What is the hundreds digit of 140653?
6
What is the millions digit of 7925900?
7
What is the tens digit of 10099230?
3
What is the units digit of 29525?
5
What is the tens digit of 179722?
2
What is the ten thousands digit of 26326859?
2
What is the millions digit of 1448661?
1
What is the hundreds digit of 7800355?
3
What is the units digit of 6990895?
5
What is the thousands digit of 2241701?
1
What is the millions digit of 6720512?
6
What is the thousands digit of 79793?
9
What is the tens digit of 528495?
9
What is the ten thousands digit of 2496454?
9
What is the thousands digit of 548345?
8
What is the ten thousands digit of 327841?
2
What is the ten thousands digit of 5962983?
6
What is the tens digit of 1762867?
6
What is the tens digit of 441356?
5
What is the units digit of 28645650?
0
What is the hundred thousands digit of 246074?
2
What is the units digit of 2124855?
5
What is the hundreds digit of 7329536?
5
What is the ten thousands digit of 76747?
7
What is the hundred thousands digit of 18917114?
9
What is the thousands digit of 2877858?
7
What is the ten millions digit of 12529277?
1
What is the millions digit of 28582916?
8
What is the ten thousands digit of 127287?
2
What is the hundreds digit of 6607692?
6
What is the units digit of 3505914?
4
What is the units digit of 389565?
5
What is the units digit of 6899?
9
What is the units digit of 4023518?
8
What is the tens digit of 8621750?
5
What is the thousands digit of 615676?
5
What is the units digit of 944892?
2
What is the hundreds digit of 191393?
3
What is the units digit of 1268649?
9
What is the units digit of 222786?
6
What is the hundreds digit of 308?
3
What is the units digit of 19524?
4
What is the tens digit of 1995201?
0
What is the thousands digit of 229142?
9
What is the units digit of 18642?
2
What is the ten thousands digit of 273027?
7
What is the units digit of 8173186?
6
What is the ten millions digit of 12299342?
1
What is the hundred thousands digit of 1772325?
7
What is the thousands digit of 8048382?
8
What is the millions digit of 27093512?
7
What is the millions digit of 6372327?
6
What is the tens digit of 450170?
7
What is the thousands digit of 161762?
1
What is the hundred thousands digit of 1402717?
4
What is the units digit of 276409?
9
What is the hundreds digit of 2630956?
9
What is the thousands digit of 332731?
2
What is the ten thousands digit of 305699?
0
What is the hundreds digit of 169438?
4
What is the thousands digit of 278919?
8
What is the ten thousands digit of 215478?
1
What is the tens digit of 7604635?
3
What is the ten thousands digit of 65221?
6
What is the thousands digit of 693684?
3
What is the ten thousands digit of 144524?
4
What is the ten thousands digit of 1467122?
6
What is the thousands digit of 422509?
2
What is the thousands digit of 833943?
3
What is the millions digit of 1436236?
1
What is the tens digit of 42518?
1
What is the hundred thousands digit of 1957865?
9
What is the tens digit of 28658?
5
What is the thousands digit of 6664972?
4
What is the tens digit of 9528994?
9
What is the tens digit of 8226?
2
What is the units digit of 214954?
4
What is the hundred thousands digit of 599396?
5
What is the units digit of 7912326?
6
What is the hundreds digit of 323329?
3
What is the ten thousands digit of 218017?
1
What is the millions digit of 1168491?
1
What is the tens digit of 15708396?
9
What is the hundred thousands digit of 454697?
4
What is the hundred thousands digit of 214236?
2
What is the hundreds digit of 150769?
7
What is the hundred thousands digit of 3808623?
8
What is the units digit of 2616?
6
What is the hundred thousands digit of 5411874?
4
What is the ten thousands digit of 817461?
1
What is the millions digit of 2381821?
2
What is the tens digit of 16041?
4
What is the tens digit of 110130?
3
What is the ten thousands digit of 21677752?
7
What is the tens digit of 219441?
4
What is the hundred thousands digit of 495764?
4
What is the ten thousands digit of 16249762?
4
What is the units digit of 1870829?
9
What is the thousands digit of 8108415?
8
What is the hundreds digit of 9639823?
8
What is the hundred thousands digit of 260664?
2
What is the hundred thousands digit of 745442?
7
What is the tens digit of 1428867?
6
What is the hundred thousands digit of 974441?
9
What is the hundred thousands digit of 157300?
1
What is the hundreds digit of 37680?
6
What is the hundred thousands digit of 112842?
1
What is the units digit of 106180?
0
What is the hundreds digit of 37470?
4
What is the hundreds digit of 806080?
0
What is the hundreds digit of 9029569?
5
What is the hundred thousands digit of 194180?
1
What is the hundred thousands digit of 1731999?
7
What is the ten thousands digit of 3787523?
8
What is the tens digit of 7363467?
6
What is the units digit of 2972561?
1
What is the thousands digit of 14916?
4
What is the hundred thousands digit of 7962142?
9
What is the millions digit of 3579118?
3
What is the thousands digit of 946202?
6
What is the thousands digit of 2566009?
6
What is the tens digit of 20944130?
3
What is the tens digit of 173347?
4
What is the units digit of 10627053?
3
What is the ten thousands digit of 11730190?
3
What is the tens digit of 560064?
6
What is the ten thousands digit of 252409?
5
What is the hundred thousands digit of 2286089?
2
What is the hundreds digit of 497931?
9
What is the hundred thousands digit of 34051382?
0
What is the units digit of 234910?
0
What is the ten thousands digit of 3973704?
7
What is the hundred thousands digit of 382314?
3
What is the tens digit of 495719?
1
What is the millions digit of 3068006?
3
What is the units digit of 860472?
2
What is the units digit of 138547?
7
What is the thousands digit of 7382974?
2
What is the ten thousands digit of 1326107?
2
What is the ten thousands digit of 2449206?
4
What is the ten millions digit of 11753709?
1
What is the tens digit of 3047626?
2
What is the tens digit of 793835?
3
What is the tens digit of 20067570?
7
What is the hundred thousands digit of 184090?
1
What is the hundred thousands digit of 622070?
6
What is the tens digit of 168093?
9
What is the ten millions digit of 18645976?
1
What is the tens digit of 1246039?
3
What is the thousands digit of 989184?
9
What is the hundred thousands digit of 657608?
6
What is the ten thousands digit of 358440?
5
What is the ten millions digit of 13397603?
1
What is the tens digit of 146133?
3
What is the hundred thousands digit of 467643?
4
What is the ten thousands digit of 8480094?
8
What is the thousands digit of 6017866?
7
What is the thousands digit of 71743?
1
What is the tens digit of 4270465?
6
What is the tens digit of 27320044?
4
What is the millions digit of 6387341?
6
What is the tens digit of 11481803?
0
What is the thousands digit of 2883255?
3
What is the units digit of 9879?
9
What is the units digit of 6739776?
6
What is the hundreds digit of 621305?
3
What is the thousands digit of 1036295?
6
What is the tens digit of 6873294?
9
What is the millions digit of 3480992?
3
What is the ten thousands digit of 325701?
2
What is the ten thousands digit of 12961594?
6
What is the tens digit of 723254